*u - 20. What are the prime factors of q?
2, 3
Suppose 86*k + 858 = 89*k. What are the prime factors of k?
2, 11, 13
Suppose 0 = 5*k - 10*k + 370. Let c = -39 + k. List the prime factors of 21/c - 184/(-10).
19
Let s(j) be the first derivative of j**2/2 + j + 1. Let h be s(-1). Suppose h*p + 5*d + 10 = 2*p, -3*d + 16 = p. What are the prime factors of p?
2, 5
Suppose -3*x + 2*l + 8 + 11 = 0, -l - 5 = 0. Suppose 0*j = -x*z - j + 61, -z + 4*j = -16. What are the prime factors of z?
2, 5
Let i(u) = -u + 2. Let y be i(-4). Suppose -2*d - 3*o = -y*d + 53, d = 5*o - 8. List the prime factors of d.
17
Let q be (12 - -5)/(2/4). Suppose -q = -y - y. What are the prime factors of y?
17
Let d(a) = -2*a**3 - 3*a**2 + a + 2. Let m be d(-2). Suppose -4*x + 112 = -4*h, 0*h + 116 = m*x - 5*h. Let z = 35 - x. What are the prime factors of z?
11
Suppose -3*c - 5*u = -42, c + u - 6 = 8. What are the prime factors of c?
2, 7
Suppose 4*u - 9 = 7. Suppose u*z + 1 = 9. What are the prime factors of (-3)/(39/(-15) + z)?
5
Suppose 0 = -h + 2*h. Let w = h - 3. What are the prime factors of 4/(-12) + (-40)/w?
13
Let l(f) = 11*f + 3*f - f**3 - 2 + 5*f**2 - 6*f - 3. List the prime factors of l(6).
7
Suppose 5*w + 52 - 2 = 0. Let g be -1*w/4*-2. Let c(z) = -z**3 - 3*z**2 + 8*z + 5. What are the prime factors of c(g)?
3, 5
Let d(w) be the second derivative of w**4/12 - w**3/3 + w**2/2 - 2*w. Let r be d(-2). Let g = -2 + r. List the prime factors of g.
7
Let m(f) = f**2 - 8*f + 9. Let s be m(7). Suppose -c = -6 - s. What are the prime factors of c?
2
Let i(j) = j**3 - 8*j**2 + j - 4. Let o be i(8). Suppose 2*q = -o*m + 42, -q = -4*q - 3. What are the prime factors of m?
11
Let l(c) = c + 2. Let n(m) = -3*m - 8. Let b(p) = 9*l(p) + 2*n(p). What are the prime factors of b(5)?
17
Suppose -2*l + 2 = -3*w, -w - w - 2*l + 2 = 0. Suppose -5*c = -0*c - 5, 2*c + 4 = 3*m. Suppose m = u - w*u. List the prime factors of u.
2
Let a(j) = -j**3 + 10*j**2 + 6*j - 24. What are the prime factors of a(10)?
2, 3
Let i = -479 + 708. What are the prime factors of i?
229
Let d = 1 - 1. Suppose -5*y + 57 + 8 = d. What are the prime factors of y?
13
Let l = 4 - 0. Suppose l*u + t + 7 = 5*u, 0 = -2*u - 4*t - 10. List the prime factors of (1/(-3))/(u/(-171)).
19
Let z(i) = 102*i**2 + 11*i + 2. Let r(s) = -153*s**2 - 17*s - 3. Let k(u) = 5*r(u) + 8*z(u). What are the prime factors of k(-1)?
7
Suppose -3*q - 3*k = -621, 5*q = 4*k + 48 + 951. Suppose -3*i + q = 47. What are the prime factors of i?
2, 13
Suppose 2*r = -5*w + 3, 4*w = 4*r + 6*w + 2. Let j be 32/4 - (-3)/r. Suppose i + 21 = 3*i - 3*h, -2*h = -j*i + 80. List the prime factors of i.
2, 3
Let k = 6 + -2. Let f be k*(-3 + (-15)/(-4)). Let v = f + 9. List the prime factors of v.
2, 3
Suppose 4*o - 6 = 2. Suppose 5*z = 4*d - 37, d - z + 2*z = -o. Suppose d*j - 16 = -j. List the prime factors of j.
2
Suppose -5*j + 137 = 52. Suppose j = -5*w + 112. What are the prime factors of w?
19
Suppose -3*b + 8 = b. List the prime factors of b.
2
Suppose 0 = -y - 3*y + 12, 5*u - 351 = 3*y. What are the prime factors of u?
2, 3
Suppose -260 = -7*y + 2*y. List the prime factors of y.
2, 13
Let k = 20 - -4. Suppose 71 + k = 2*n + 3*i, -240 = -5*n - 5*i. Suppose -7*u = -3*v - 3*u + n, -25 = -3*v - 2*u. What are the prime factors of v?
11
Let y = -27 - -83. What are the prime factors of y?
2, 7
Let g(i) = -i - 7. Let r be g(-5). Let u(z) = -2*z**3 + z**2 - 2*z - 1. What are the prime factors of u(r)?
23
Suppose 2*t + 1 + 7 = 0. What are the prime factors of (-5 - -2) + 1 - t?
2
Let f = 80 - -7. What are the prime factors of f?
3, 29
Let f(n) = -n - 6. Let s(r) = -r - 5. Let h(b) = 2*f(b) - 3*s(b). Let k be h(6). Let m = 16 - k. What are the prime factors of m?
7
Suppose 2*g + 0*a = 5*a - 26, 0 = 3*a - 12. Let z = g + 5. Let s = z + 1. List the prime factors of s.
3
Suppose 4*s = -2*f - f + 84, s - 157 = -5*f. List the prime factors of f.
2
Let n be 6/5*40/6. Suppose 0 = -2*u - 0*u + n. Suppose j + 16 = u*l, 18 = 2*l - 0*j - 3*j. What are the prime factors of l?
3
Let b be (-3)/9*(0 + -9). Suppose y = 3*s - 6, 84 = y - 5*y - b*s. What are the prime factors of (-60)/y*(3 - 0)?
2, 5
Let j(m) = 10*m + 3. What are the prime factors of j(3)?
3, 11
Suppose z - 5 = 8. Suppose 4*o - z - 79 = 0. List the prime factors of o.
23
Let o(c) = -c**3 + 4*c**2 - c. Let z be o(4). Let y(n) = -n + 5. Let a be y(7). List the prime factors of 15/2 + a/z.
2
What are the prime factors of 1/((-1)/414*-3) - 3?
3, 5
Let n = -6 - -8. Suppose 2 = 2*k - 2, 5*c - 109 = -n*k. What are the prime factors of c?
3, 7
Let x(z) = z**3 + 4*z**2 + 3*z - 2. Let y be x(-3). Let j(i) = -2 - 2*i + 2. What are the prime factors of j(y)?
2
Suppose 5*f - 30 = 20. List the prime factors of (64/f)/(1/5).
2
Let z(l) = l + 1 + 0*l**2 - 3 + l**2 + 3. List the prime factors of z(-4).
13
Suppose 0 = -2*w - 3*w + 450. Suppose -w = -3*q - 15. List the prime factors of q.
5
Let x(z) = -z**3 - 3*z**2 + 5*z + 3. Let s be x(-4). What are the prime factors of ((-3 - -5) + -29)/s?
3
Let c(q) be the first derivative of 4*q - 1 + 3*q**2 - 1/3*q**3. List the prime factors of c(5).
3
Let l = 53 + -35. List the prime factors of l.
2, 3
Let w(t) = 3*t**2 + 5*t + 10. List the prime factors of w(-5).
2, 3, 5
Let f(o) = -1 + 5*o + 9*o**2 - 5*o - 5*o + o**3 - 6*o. What are the prime factors of f(-10)?
3
Let a(b) = 5*b - 1. Let l be a(1). Suppose -z = -2*z + l. Suppose 0*w + z*w - 5*y - 68 = 0, -y = 0. What are the prime factors of w?
17
Suppose 4*v + 3*j - 567 = 0, -4*v + 3*j + 561 = -0*j. Suppose 2*s - v = -s. What are the prime factors of s?
47
Suppose 2*g + 26 = -96. Let j = -39 - g. What are the prime factors of j?
2, 11
Suppose 8*a - 3*a = -w + 75, a = -w + 19. Suppose -4*i + i + 18 = 5*r, a = 3*r + 5*i. Suppose -2*h = -r*h + 11. What are the prime factors of h?
11
Suppose -4*j + 24 = -2*w, 3*j = -5*w - 2*j - 60. What are the prime factors of (-3)/(0 + 4/w)?
3
Let w = 6 - 3. Suppose w*x + 1 = 13. What are the prime factors of x?
2
Let d(t) = t**2 + 4*t - 4. Suppose 34 = 4*m + 10. Let k be (3/m)/(1/(-12)). What are the prime factors of d(k)?
2
Suppose -6*u + 42 + 828 = 0. What are the prime factors of u?
5, 29
Let h(l) = 2*l - 3*l - l**3 + 0*l - 2*l**2. Let s be h(-3). Suppose -9 = -3*w + s. What are the prime factors of w?
7
Let x(c) = -c**3 + 5*c**2 + 2*c - 6. Let v be x(5). Suppose -1 = -2*g + 2*b + 7, -g - 8 = 2*b. Suppose v*l = -g*l + 44. List the prime factors of l.
11
Let c be 2/4 - (-66)/(-4). Let q = -8 - c. List the prime factors of q.
2
Suppose 0 = -2*n + 2 + 8. Suppose n*o + 5*i - 202 + 47 = 0, 2*o = -i + 61. List the prime factors of o.
2, 3, 5
Let z(a) = -a**3 - 3*a**2 + 3. List the prime factors of z(-3).
3
Suppose -5*a - 2*j = -24, 2*a + j + 0*j = 10. Suppose a = -0*p + p. List the prime factors of p.
2
Suppose 0 = -0*t + 5*t + 165. Let j = 51 + t. Suppose l = 2*i + j, 2*l = -l - 5*i + 10. What are the prime factors of l?
2, 5
Let d = 4 + -2. Let b(r) = -2*r + d + 3 + r**2 - 1. List the prime factors of b(4).
2, 3
Suppose 2*m - 4*t + 2 = -2*t, 0 = -5*m + 4*t. Suppose -4*v = 3*a - 3, 2*a - 18 = m*v + 4. What are the prime factors of a?
5
Let j = 21 - 15. Let o(y) = j + 8*y - 4 - 7*y. List the prime factors of o(7).
3
Let v(r) = -r. Let o be v(-6). Let f = -3 + o. What are the prime factors of f?
3
Suppose -4*n + 4*b + 4 = 0, -n + 8 = 4*b - 3. Suppose -r + n = -40. What are the prime factors of r?
43
Suppose 5*t + m = 2, 4*m = -5*t - 0*m + 8. Suppose t*p - 41 = -5*p + z, p = 2*z + 1. What are the prime factors of p?
3
Let d = -12 - -448. List the prime factors of 14/77 + d/22.
2, 5
Let a = 13 + -8. Suppose 2*g - g - 3 = 5*u, 6 = 2*g + a*u. List the prime factors of g.
3
Let p(k) = 4*k - 3*k + 5 + 3. Let r be p(-8). Suppose r = y + 3*y - 36. List the prime factors of y.
3
Let j be (-2)/7 - (-174)/21. Let c be ((-3)/2)/(2/j). Let m = -4 - c. List the prime factors of m.
2
Let b(p) = -p + 3. Let k be ((-21)/(-6) - 2)*2. Let y be b(k). What are the prime factors of (y + 12)*(3 - 2)?
2, 3
Let r = 79 - 44. What are the prime factors of r?
5, 7
Suppose -3*f - c + 289 = 7, 4*f - 375 = -c. List the prime factors of f.
3, 31
Let b be (-1)/3 - 186/(-18). Suppose b = 5*g - 0*g. Suppose 0 = j + g - 24. What are the prime fa